 base 6.
420
What is 101 (base 2) in base 14?
5
Convert -10 (base 3) to base 6.
-3
What is -20 (base 6) in base 9?
-13
Convert -1 (base 7) to base 5.
-1
-2 (base 12) to base 15
-2
-110111 (base 2) to base 16
-37
What is 0 (base 9) in base 2?
0
Convert 7 (base 9) to base 8.
7
-1 (base 3) to base 12
-1
Convert -1323 (base 4) to base 6.
-323
What is -5 (base 15) in base 12?
-5
What is 1 (base 8) in base 7?
1
2 (base 15) to base 14
2
Convert -1 (base 15) to base 14.
-1
What is -78 (base 9) in base 6?
-155
Convert -127 (base 9) to base 7.
-211
-112 (base 9) to base 11
-84
Convert 2 (base 11) to base 16.
2
What is -110 (base 4) in base 2?
-10100
What is -6 (base 8) in base 14?
-6
Convert -100 (base 2) to base 14.
-4
0 (base 3) to base 13
0
Convert 20 (base 3) to base 9.
6
Convert 14 (base 6) to base 13.
a
235 (base 11) to base 4
10120
Convert -1220 (base 4) to base 10.
-104
34 (base 12) to base 8
50
Convert 122 (base 8) to base 12.
6a
Convert 2330 (base 5) to base 8.
524
Convert 0 (base 11) to base 13.
0
What is 2 (base 13) in base 6?
2
-1 (base 8) to base 6
-1
What is 165 (base 8) in base 9?
140
Convert -31 (base 11) to base 7.
-46
Convert -41 (base 6) to base 4.
-121
What is -20 (base 3) in base 10?
-6
ab (base 15) to base 6
425
Convert -1011 (base 2) to base 3.
-102
What is -15 (base 12) in base 5?
-32
4 (base 11) to base 8
4
Convert 280 (base 10) to base 11.
235
Convert -1 (base 16) to base 15.
-1
30 (base 10) to base 8
36
Convert -1 (base 4) to base 2.
-1
What is -1000 (base 5) in base 16?
-7d
-133 (base 7) to base 2
-1001001
-30 (base 16) to base 14
-36
What is e (base 15) in base 6?
22
-a (base 15) to base 2
-1010
19 (base 15) to base 2
11000
What is 4 (base 12) in base 6?
4
What is 12 (base 12) in base 4?
32
-320 (base 6) to base 15
-80
-2 (base 13) to base 12
-2
What is 0 (base 6) in base 9?
0
What is -1202 (base 5) in base 6?
-453
2 (base 8) to base 16
2
What is a2 (base 13) in base 11?
110
2 (base 8) to base 9
2
What is 120 (base 4) in base 10?
24
What is -1 (base 6) in base 16?
-1
What is 3 (base 6) in base 9?
3
Convert 14 (base 10) to base 11.
13
What is -1211 (base 6) in base 16?
-127
Convert -79 (base 14) to base 7.
-212
What is -21 (base 4) in base 14?
-9
Convert -18 (base 13) to base 9.
-23
Convert 1000111 (base 2) to base 10.
71
Convert -10 (base 7) to base 14.
-7
224 (base 5) to base 3
2101
11011 (base 2) to base 8
33
What is -28 (base 13) in base 7?
-46
Convert 5 (base 15) to base 3.
12
What is 300 (base 9) in base 6?
1043
What is -30 (base 7) in base 9?
-23
What is -1000000 (base 2) in base 8?
-100
Convert 0 (base 11) to base 16.
0
41 (base 5) to base 12
19
Convert -16 (base 15) to base 6.
-33
a (base 11) to base 5
20
Convert 76 (base 15) to base 3.
11010
-34 (base 15) to base 3
-1211
What is 6 (base 10) in base 14?
6
7 (base 9) to base 13
7
-138 (base 12) to base 7
-356
Convert 36 (base 11) to base 13.
30
Convert -5 (base 15) to base 13.
-5
10121 (base 4) to base 14
161
What is 101010 (base 2) in base 3?
1120
What is -11 (base 2) in base 7?
-3
What is -1010 (base 4) in base 13?
-53
Convert -12 (base 14) to base 16.
-10
Convert 0 (base 13) to base 7.
0
-92 (base 15) to base 8
-211
3 (base 6) to base 10
3
43 (base 5) to base 2
10111
35 (base 6) to base 9
25
What is -1d (base 16) in base 14?
-21
Convert -6 (base 9) to base 3.
-20
1001000 (base 2) to base 8
110
What is 110000 (base 2) in base 8?
60
What is -140 (base 7) in base 14?
-57
-42 (base 11) to base 8
-56
What is -75 (base 12) in base 6?
-225
Convert -12 (base 8) to base 16.
-a
25 (base 13) to base 6
51
-6 (base 16) to base 11
-6
Convert 7 (base 8) to base 15.
7
20 (base 6) to base 12
10
0 (base 16) to base 15
0
17 (base 9) to base 14
12
7 (base 12) to base 10
7
12 (base 12) to base 5
24
Convert -3 (base 11) to base 8.
-3
What is -10 (base 5) in base 6?
-5
Convert -6 (base 16) to base 5.
-11
45 (base 8) to base 4
211
10 (base 6) to base 11
6
What is 60 (base 11) in base 13?
51
What is 15 (base 15) in base 4?
110
Convert 15 (base 8) to base 5.
23
Convert -38 (base 11) to base 12.
-35
Convert -10111 (base 2) to base 3.
-212
What is -58 (base 10) in base 2?
-111010
Convert -23 (base 5) to base 16.
-d
What is -21 (base 6) in base 8?
-15
Convert 2 (base 7) to base 11.
2
What is 101001 (base 2) in base 11?
38
What is 2 (base 6) in base 13?
2
Convert 4 (base 15) to base 12.
4
Convert 7 (base 13) to base 6.
11
Convert 40 (base 10) to base 12.
34
What is -5 (base 13) in base 8?
-5
What is -53 (base 16) in base 8?
-123
What is 122 (base 6) in base 3?
1212
What is 3 (base 8) in base 16?
3
What is 245 (base 9) in base 11?
175
Convert 113 (base 14) to base 3.
21220
34 (base 8) to base 13
22
What is -1 (base 13) in base 2?
-1
Convert -23 (base 14) to base 15.
-21
Convert -57 (base 14) to base 6.
-205
Convert -5 (base 10) to base 15.
-5
-7 (base 9) to base 4
-13
What is -4 (base 16) in base 7?
-4
10 (base 3) to base 16
3
1 (base 5) to base 3
1
What is 33 (base 4) in base 3?
120
What is -3 (base 7) in base 8?
-3
What is -13 (base 11) in base 9?
-15
Convert -13 (base 15) to base 8.
-22
-12a (base 11) to base 14
-ad
What is 2 (base 16) in base 10?
2
What is 0 (base 4) in base 12?
0
0 (base 13) to base 16
0
34 (base 9) to base 11
29
What is -3 (base 16) in base 6?
-3
What is -2 (base 8) in base 6?
-2
Convert -10 (base 6) to base 8.
-6
Convert 100 (base 2) to base 9.
4
Convert -60 (base 14) to base 9.
-103
What is -23 (base 4) in base 13?
-b
Convert 120 (base 4) to base 8.
30
Convert -68 (base 9) to base 2.
-111110
What is 1 (base 3) in base 15?
1
16 (base 7) to base 14
d
Convert -18 (base 13) to base 9.
-23
Convert 12 (base 9) to base 4.
23
What is -5 (base 9) in base 2?
-101
What is -2 (base 7) in base 14?
-2
What is 25 (base 15) in base 14?
27
Convert 15 (base 11) to base 14.
12
Convert 100 (base 2) to base 11.
4
1 (base 5) to base 11
1
Convert 0 (base 2) to base 5.
0
What is -11 (base 7) in base 15?
-8
-4 (base 5) to base 3
-11
Convert -52 (base 11) to base 4.
-321
45 (base 7) to base 12
29
What is 73 (base 15) in base 9?
130
Convert -2 (base 4) to base 9.
-2
What is 11 (base 10) in base 8?
13
What is -20121 (base 3) in base 13?
-109
-e (base 16) to base 14
-10
What is 7 (base 8) in base 13?
7
Convert 1 (base 12) to base 16.
1
Convert -86 (base 13) to base 9.
-132
Convert -7 (base 11) to base 9.
-7
Convert 122 (base 4) to base 15.
1b
-233 (base 10) to base 14
-129
What is -54 (base 16) in base 3?
-10010
3 (base 9) to base 13
3
Convert 3 (base 7) to base 13.
3
Convert -277 (base 8) to base 16.
-bf
-44 (base 13) to base 12
-48
24 (base 13) to base 9
33
Convert -7 (base 16) to base 13.
-7
Convert 10 (base 7) to base 11.
7
Convert 24 (base 5) to base 9.
15
Convert 6 (base 9) to base 14.
6
Convert 504 (base 6) to base 12.
134
Convert -1010111 (base 2) to base 14.
-63
-12 (base 8) to base 14
-a
What is 3 (base 13) in base 5?
3
Convert -139 (base 15) to base 13.
-186
0 (base 9) to base 8
0
What is 10001 (base 2) in base 9?
18
5 (base 16) to base 8
5
What is 2 (base 14) in base 15?
2
0 (base 14) to base 3
0
Convert 15 (base 12) to base 6.
25
-110 (base 2) to base 4
-12
227 (base 8) to base 13
b8
What is -13 (base 8) in base 5?
-21
-3 (base 8) to base 16
-3
121 (base 5) to base 6
100
Convert -236 (base 10) to base 12.
-178
-14 (base 9) to base 12
-11
Convert -2 (base 14) to base 8.
-2
Convert 6 (base 13) to base 3.
20
33 (base 5) to base 14
14
2221 (base 3) to base 8
117
Convert -10 (base 6) to base 14.
-6
Convert -2 (base 11) to base 10.
-2
Convert 0 (base 4) to base 12.
0
Convert -6 (base 8) to base 16.
-6
-3121 (base 4) to base 12
-161
Convert -21 (base 7) to base 4.
-33
-40 (base 8) to base 9
-35
103 (base 9) to base 12
70
-120 (base 3) to base 9
-16
Convert 11 (base 10) to base 11.
10
0 (base 3) to base 6
0
Convert -1 (base 15) to base 5.
-1
What is 230 (base 4) in base 8?
54
Convert 3 (base 16) to base 5.
3
Convert 12 (base 5) to base 2.
111
121 (base 4) to base 5
100
-14 (base 14) to base 3
-200
-34 (base 10) to base 15
-24
123 (base 7) to base 15
46
1 (base 12) to base 3
1
Convert -3c (base 13) to base 15.
-36
Convert 29 (base 12) to base 13.
27
-22 (base 5) to base 16
-c
What is 2 (base 3) in base 14?
2
3 (base 14) to base 4
3
49 (base 12) to base 10
57
What is 101 (base 3) in base 8?